i(14).
15
Let y(p) = -7*p**3 - p**2 - 2*p - 1. Give y(-2).
55
Let c(f) = -2*f + 1. Give c(-2).
5
Let q(m) = -2*m**3 + 3*m**2 - m - 1. Determine q(2).
-7
Let b(h) = -13*h + 10. Calculate b(0).
10
Let q(f) = -f**2 - 9*f - 16. Calculate q(-7).
-2
Let h(w) = 5*w**3 - 2*w - 2. What is h(-1)?
-5
Let z(l) = 2*l + 39. Give z(-18).
3
Let b(f) = -8*f**3 + 2*f**2 - f. Determine b(1).
-7
Let u(g) = g**3 - 2*g**2 - 4*g. Calculate u(3).
-3
Let j(r) = -r**2 - 7*r - 1. Calculate j(-7).
-1
Let y(d) = -d**3 + 11*d**2 + 24. Calculate y(11).
24
Let y(f) = -f**3 - 10*f**2 - 10*f - 13. What is y(-9)?
-4
Let z(k) = -5*k - 174. Calculate z(-34).
-4
Let q(l) = -l**2 + 17*l - 16. Determine q(16).
0
Let m(x) = -x**3 + 9*x**2 - x + 1. Determine m(10).
-109
Let z(f) = -18*f**2 + 1. What is z(-1)?
-17
Let q(w) = w + 19. What is q(-13)?
6
Let x(d) = -5*d**2 + 3*d - 5. Give x(1).
-7
Let p(d) = -2*d**2 + 24*d + 32. Give p(13).
6
Let x(w) = -6*w**2 - 8*w + 7. Determine x(-3).
-23
Let h(k) = 2*k**3 + 31*k**2 - 15*k + 24. Calculate h(-16).
8
Let p(h) = 2*h**3 + 22*h**2 + 3*h + 27. Give p(-11).
-6
Let q(v) = 9*v**2 - v + 3. What is q(2)?
37
Let y(v) = v**2 + 8*v + 14. What is y(-4)?
-2
Let s(a) = a + 62. Give s(-22).
40
Let x(c) = 6*c - 7. Calculate x(4).
17
Let k(a) = -a**3 + 12*a**2 + 16*a - 10. Calculate k(13).
29
Let u(k) = -k**2 + 13*k - 35. What is u(10)?
-5
Let z(l) = -l**3 + l**2 + 2*l + 8. Calculate z(3).
-4
Let d(n) = 229*n**3 - n**2 + 4*n - 4. Determine d(1).
228
Let j(y) = y**3 - 7*y**2 + 5*y - 4. Give j(6).
-10
Let g(v) = -34*v**2 + v + 1. Calculate g(-1).
-34
Let s(o) = -o**2 - o + 17. What is s(0)?
17
Let z(b) = -b**3 + 7*b**2 + 3*b - 20. Give z(7).
1
Let l(p) = -6*p**2 - p + 7. Determine l(4).
-93
Let w(n) = 6*n**3 + 2*n**2 - 1. Give w(1).
7
Let k(c) = -7*c**3 - c**2 - c + 2. What is k(-1)?
9
Let u(l) = l**2 - 43*l - 238. Give u(48).
2
Let b(x) = x**3 - 6*x**2 - 4*x + 19. Determine b(4).
-29
Let l(a) = -a**3 - 5*a**2 + 8*a + 7. Determine l(-6).
-5
Let w(c) = c**3 + 7*c**2 + 5*c - 27. Give w(-5).
-2
Let v(m) = -2*m**2 - 2*m - 7. Determine v(-2).
-11
Let h(t) = 6*t + 47. Determine h(0).
47
Let x(h) = 5*h**2 + 4*h + 4. Give x(-1).
5
Let a(p) = -p**3 + p**2 + 9*p - 3. Give a(4).
-15
Let h(w) = -3*w**3 - 32*w**2 - 17*w + 22. Determine h(-10).
-8
Let y(p) = 4*p + 7. Calculate y(-4).
-9
Let t(z) = -2*z**2 + 4*z + 2. Give t(3).
-4
Let s(f) = -f**2 - 19*f - 9. What is s(-18)?
9
Let a(t) = -t**3 - 15*t**2 + 33*t + 30. Calculate a(-17).
47
Let g(t) = t**3 - 10*t**2 - 2*t + 28. Determine g(10).
8
Let g(t) = t**2 + 46*t + 139. What is g(-43)?
10
Let x(l) = -2*l + 3. Calculate x(-1).
5
Let v(s) = s**3 + s**2 - s - 62. What is v(0)?
-62
Let f(o) = 2*o**2 + 22*o + 61. Determine f(-6).
1
Let x(i) = -2*i**2 + 4*i + 8. What is x(-2)?
-8
Let z(n) = -2*n**2 + n + 2. Give z(3).
-13
Let c(j) = -40*j - 35. Calculate c(-3).
85
Let p(n) = 7*n**2 - 30*n + 2. Determine p(4).
-6
Let m(s) = -s**3 + 6*s**2 + 17*s + 3. Give m(5).
113
Let l(t) = -2*t**2 - 2*t + 3. Determine l(0).
3
Let y(p) = -p**3 - 5*p**2 + 3*p - 6. Determine y(-5).
-21
Let p(c) = c**3 + 6*c**2 - 11*c - 24. Calculate p(-7).
4
Let b(x) = 2*x**2 + 2*x - 25. Calculate b(-6).
35
Let a(h) = h**2 + 15*h + 38. Determine a(-11).
-6
Let f(j) = -j + 22. Determine f(15).
7
Let u(v) = -2*v - 6. What is u(-3)?
0
Let f(j) = -2*j**3 + 15*j**2 + 7*j + 11. Determine f(8).
3
Let h(g) = -2*g**3 + 13*g**2 - 4*g + 8. Determine h(6).
20
Let a(o) = o + 12. Give a(-10).
2
Let g(r) = -17*r + 9. Determine g(2).
-25
Let c(l) = 2*l**2 - 62*l + 28. Determine c(31).
28
Let h(v) = 5*v + 2. Determine h(3).
17
Let k(v) = 2*v - 11. Calculate k(9).
7
Let r(j) = -24*j**2 + 6*j + 4. What is r(-1)?
-26
Let z(r) = -2*r + 1. Determine z(-2).
5
Let c(v) = v**2 + 19*v + 38. Calculate c(-17).
4
Let c(u) = 7*u + 74. Give c(-10).
4
Let f(u) = -2*u**2 + 10*u - 16. Give f(5).
-16
Let u(f) = -f**3 - 10*f**2 - 14*f - 5. What is u(-9)?
40
Let c(x) = 53*x**2 - x + 3. Give c(1).
55
Let d(h) = -6*h**2 - 24*h + 4. What is d(-4)?
4
Let g(i) = -i**2 + 2*i + 8. What is g(-7)?
-55
Let m(v) = -16*v - 2. What is m(3)?
-50
Let g(y) = 4*y**2 + 19*y + 6. Determine g(-4).
-6
Let g(n) = 64*n**3 + n**2. Give g(-1).
-63
Let a(u) = -2*u - 20. Calculate a(-8).
-4
Let t(u) = u**3 - 3*u**2 - 2*u + 5. Calculate t(2).
-3
Let x(z) = z**3 + 10*z**2 - 17*z + 1. Give x(-12).
-83
Let h(c) = -c**3 - 3*c**2 + 3. Give h(-4).
19
Let z(l) = -9*l - 59. Give z(-6).
-5
Let m(o) = -2*o**2 - 22*o - 60. What is m(-4)?
-4
Let q(n) = -56*n - 117. Give q(-2).
-5
Let p(j) = -2*j - 17. Give p(9).
-35
Let q(p) = 2*p**2 - 8*p - 6. What is q(5)?
4
Let s(t) = -t**3 + 16*t**2 + 36*t - 4. Calculate s(18).
-4
Let k(q) = -q**2 - 73*q - 210. Give k(-3).
0
Let u(p) = 2*p**2 + 3*p - 5. What is u(5)?
60
Let u(j) = 13*j + 101. Give u(-16).
-107
Let o(h) = -38*h**3 - 2*h**2 - 2*h + 3. Determine o(1).
-39
Let m(v) = v + 2. Determine m(-3).
-1
Let w(z) = z**2 + 20*z + 60. Determine w(-5).
-15
Let h(p) = p**3 + 7*p**2 + 3*p - 2. What is h(-4)?
34
Let c(s) = 5*s + 34. Give c(7).
69
Let q(n) = -n + 3. What is q(3)?
0
Let b(d) = d**2 - 6*d - 7. Determine b(8).
9
Let w(h) = h**2 + 24*h - 26. Determine w(-22).
-70
Let p(z) = z**3 + 4*z**2 + 6*z + 2. What is p(-4)?
-22
Let v(j) = -j**2 + 16*j + 25. Calculate v(17).
8
Let s(u) = u**2 - 4*u - 10. Calculate s(-3).
11
Let k(b) = b - 3. Calculate k(-5).
-8
Let u(o) = -53*o - 18. What is u(1)?
-71
Let w(m) = -m**2 - 4*m + 84. Calculate w(8).
-12
Let x(l) = -l + 10. Determine x(15).
-5
Let x(y) = -y - 28. What is x(-1)?
-27
Let s(a) = a**3 + 7*a - 5. What is s(0)?
-5
Let p(i) = -2*i + 21. What is p(-4)?
29
Let s(f) = -19*f**2 - f - 1. Give s(-1).
-19
Let m(c) = 5*c. Determine m(-6).
-30
Let b(c) = -c**2 - 8*c + 5. Calculate b(-6).
17
Let b(i) = 4*i**2 + 3*i - 1. Determine b(2).
21
Let x(z) = -z**2 + 14*z - 14. Determine x(15).
-29
Let w(d) = -d**3 + 14*d**2 - d + 4. What is w(14)?
-10
Let z(q) = -q**3 + 6*q**2 + 2*q - 19. Give z(6).
-7
Let u(w) = -w**2 + 9*w + 17. What is u(9)?
17
Let o(v) = 18*v - 27. Calculate o(0).
-27
Let g(a) = 3*a**2 + 40*a + 73. Give g(-11).
-4
Let n(w) = w - 3. What is n(7)?
4
Let m(z) = -4*z**2 - 28*z + 15. Give m(-7).
15
Let k(o) = o + 57. Give k(12).
69
Let n(o) = -10*o**2 - o + 3. Give n(-2).
-35
Let c(x) = 7*x + 51. Determine c(-8).
-5
Let x(c) = -2*c**2 + 5*c. Give x(5).
-25
Let k(b) = -6*b + 4. Give k(-4).
28
Let g(n) = n - 44. What is g(31)?
-13
Let u(h) = h**2 - 5*h - 65. What is u(10)?
-15
Let j(c) = -c**2 + 10*c - 7. Determine j(9).
2
Let x(a) = -4*a**3 - 4*a - 5. Calculate x(-2).
35
Let k(s) = 105*s**2 - s + 2. What is k(-1)?
108
Let h(t) = -4*t - 6. Give h(-4).
10
Let o(q) = 2*q**3 + 2*q**2 - 4*q - 7. Calculate o(-2).
-7
Let x(n) = 16*n - 20. Give x(0).
-20
Let o(y) = -y**2 - 12*y - 21. Determine o(-10).
-1
Let f(w) = -w**3 + 8*w**2 - 9*w + 7. Determine f(7).
-7
Let j(a) = -a**3 + 56*a**2 - 156*a - 169. Calculate j(53).
-10
Let r(k) = -k**2 + 5*k - 1. Give r(8).
-25
Let b(v) = v**2 + 9*v - 3. Give b(-9).
-3
Let y(d) = 18*d + 1. What is y(2)?
37
Let o(l) = -l**3 + 5*l**2 + 2. What is o(5)?
2
Let i(s) = -s + 33. Calculate i(21).
12
Let s(x) = x**3 - 8*x**2 - 6*x - 3. Calculate s(9).
24
Let m(k) = -2*k - 16. What is m(-13)?
10
Let f(z) = 108*z + 1295. Give f(-12).
-1
Let w(b) = b**3 - 24*b**2 - 26*b + 23. What is w(25)?
-2
Let y(p) = -5*p**2 + 7*p + 8. Determine y(-1).
-4
Let w(i) = 16*i + 349. Give w(-22).
-3
Let k(g) = -6*g**3 + 3*g + 3. Determine k(-2).
45
Let p(d) = -d - 11. Give p(-7).
-4
Let a(d) = -d - 1. Determine a(-4).
3
Let q(s) = -s**2 - s + 6. What is q(-4)?
-6
Let a(p) = -p**3 - 6*p**2 - 9*p + 5. What is a(-5)?
25
Let l(z) = z**3 - 8*z**2 + 3*z + 9. Give l(7).
-19
Let o(j) = j**2 - j + 1. What is o(1)?
1
Let i(w) = -w**3 - 20*w**2 - 37*w - 43. Calculate i(-18).
-25
Let x(j) = -6*j. Calculate x(-6).
36
Let n(v) = -5*v - 41. What is n(-7)?
-6
Let r(w) = w**3 + 11*w**2 - 18. Give r(-11).
-18
Let y(x) = -35*x - 142. Give y(-4).
-2
Let z(b) = b**3 + 5*b**2 + 2*b + 10. Give z(-5).
0
Let y(v) = -v**3 + 3*v + 4. Calculate y(4).
-48
Let q(x) = x + 5. What is q(-9)?
-4
Let d(s) = -84*s + 254. What is d(3)?
2
Let b(j) = j - 1. Determine b(5).
4
Let m(g) = -3*g**2 - 29*g + 1. Determine m(-9).
19
Let u(l) = l**3 + 13*l**2 + 6*l - 35. Calculate u(-12).
37
Let 